se 4.
1230
Convert 2 (base 8) to base 10.
2
What is -6 (base 7) in base 9?
-6
-211 (base 3) to base 9
-24
-11 (base 6) to base 11
-7
74 (base 9) to base 13
52
332 (base 7) to base 9
208
11 (base 6) to base 16
7
What is 102 (base 6) in base 2?
100110
-448 (base 9) to base 11
-305
What is -2 (base 16) in base 9?
-2
Convert -1 (base 4) to base 3.
-1
Convert -4 (base 11) to base 14.
-4
2 (base 14) to base 11
2
14 (base 5) to base 6
13
5 (base 6) to base 10
5
What is 16 (base 8) in base 10?
14
Convert -130 (base 6) to base 7.
-105
What is -220 (base 4) in base 9?
-44
-3 (base 14) to base 3
-10
What is 51 (base 7) in base 2?
100100
Convert -32 (base 5) to base 12.
-15
What is 0 (base 7) in base 10?
0
112 (base 10) to base 16
70
-2a (base 15) to base 13
-31
What is -52 (base 10) in base 3?
-1221
Convert 67 (base 11) to base 4.
1021
Convert -40 (base 11) to base 3.
-1122
-100 (base 3) to base 15
-9
Convert -d7 (base 15) to base 14.
-106
Convert -4d (base 15) to base 3.
-2201
-4 (base 16) to base 12
-4
Convert 23 (base 7) to base 14.
13
32 (base 5) to base 8
21
Convert -100 (base 3) to base 7.
-12
72 (base 10) to base 9
80
2f (base 16) to base 14
35
-30 (base 4) to base 9
-13
20012 (base 3) to base 13
cb
-5 (base 16) to base 15
-5
What is -455 (base 9) in base 11?
-310
What is -2 (base 15) in base 12?
-2
111 (base 6) to base 11
3a
Convert 1211 (base 5) to base 10.
181
What is -20 (base 10) in base 2?
-10100
What is 10 (base 5) in base 16?
5
1001 (base 2) to base 3
100
What is -31 (base 9) in base 5?
-103
-402 (base 6) to base 10
-146
Convert -22 (base 3) to base 2.
-1000
What is -430 (base 5) in base 9?
-137
What is 3 (base 7) in base 8?
3
252 (base 9) to base 10
209
What is 2 (base 10) in base 4?
2
Convert 4 (base 11) to base 8.
4
-5 (base 11) to base 10
-5
What is -2 (base 14) in base 7?
-2
Convert -324 (base 7) to base 6.
-433
-15 (base 6) to base 5
-21
4e (base 15) to base 5
244
What is 12 (base 6) in base 5?
13
What is 10 (base 5) in base 4?
11
11 (base 12) to base 16
d
Convert -110 (base 4) to base 10.
-20
What is 0 (base 2) in base 9?
0
4 (base 16) to base 14
4
What is 26 (base 16) in base 12?
32
Convert -cb (base 13) to base 11.
-142
Convert 5 (base 16) to base 9.
5
What is ae (base 16) in base 13?
105
1224 (base 5) to base 4
2331
What is 1133 (base 4) in base 8?
137
What is 0 (base 9) in base 4?
0
What is 110100 (base 2) in base 11?
48
Convert -1240 (base 5) to base 11.
-168
What is 22 (base 4) in base 3?
101
56 (base 9) to base 16
33
What is -13 (base 7) in base 10?
-10
-3 (base 12) to base 2
-11
1 (base 14) to base 16
1
What is -113 (base 4) in base 2?
-10111
What is -31 (base 8) in base 13?
-1c
Convert -4 (base 6) to base 12.
-4
-a (base 13) to base 3
-101
What is -1 (base 16) in base 10?
-1
What is -4 (base 15) in base 4?
-10
Convert -4a (base 14) to base 13.
-51
What is 43 (base 15) in base 16?
3f
0 (base 2) to base 14
0
-23 (base 10) to base 12
-1b
Convert b (base 16) to base 14.
b
-111110 (base 2) to base 4
-332
What is -40 (base 12) in base 14?
-36
What is -1001111 (base 2) in base 9?
-87
Convert -6 (base 7) to base 16.
-6
Convert 1c0 (base 13) to base 9.
401
Convert 12 (base 15) to base 14.
13
Convert -18 (base 10) to base 4.
-102
What is 1 (base 9) in base 14?
1
What is -7 (base 14) in base 16?
-7
What is 10 (base 2) in base 16?
2
What is -2 (base 6) in base 4?
-2
What is 10101000 (base 2) in base 12?
120
What is 102 (base 5) in base 7?
36
4 (base 11) to base 3
11
Convert -4 (base 15) to base 10.
-4
38 (base 16) to base 13
44
0 (base 7) to base 15
0
-22 (base 11) to base 6
-40
What is -6 (base 13) in base 10?
-6
What is 1 (base 7) in base 6?
1
Convert -122 (base 6) to base 12.
-42
What is -22 (base 5) in base 6?
-20
Convert -165 (base 8) to base 4.
-1311
What is -243 (base 5) in base 15?
-4d
Convert 200 (base 6) to base 15.
4c
-305 (base 9) to base 8
-370
What is -c (base 14) in base 15?
-c
What is -28 (base 12) in base 4?
-200
-2 (base 16) to base 4
-2
1 (base 11) to base 4
1
-114 (base 11) to base 8
-210
What is -4 (base 12) in base 8?
-4
What is 60 (base 8) in base 13?
39
Convert 11 (base 15) to base 8.
20
What is -39 (base 11) in base 5?
-132
Convert 118 (base 9) to base 4.
1202
Convert 1 (base 12) to base 2.
1
1 (base 11) to base 14
1
Convert 0 (base 12) to base 6.
0
110 (base 2) to base 16
6
What is -206 (base 8) in base 4?
-2012
-4 (base 5) to base 9
-4
-1 (base 2) to base 5
-1
What is 0 (base 3) in base 7?
0
-1 (base 14) to base 11
-1
What is 232 (base 4) in base 9?
51
1014 (base 6) to base 13
145
What is -4 (base 8) in base 3?
-11
-1100 (base 2) to base 16
-c
0 (base 2) to base 5
0
Convert -8 (base 9) to base 5.
-13
-35 (base 6) to base 11
-21
-2 (base 3) to base 8
-2
Convert -452 (base 7) to base 5.
-1413
-2 (base 5) to base 11
-2
What is 15c (base 13) in base 6?
1050
211 (base 10) to base 5
1321
What is -49 (base 14) in base 4?
-1001
What is 4 (base 12) in base 6?
4
Convert 6 (base 15) to base 2.
110
Convert 3 (base 11) to base 10.
3
Convert -d (base 15) to base 9.
-14
Convert 29 (base 13) to base 9.
38
What is 27 (base 10) in base 9?
30
What is 10 (base 4) in base 6?
4
Convert -16 (base 14) to base 3.
-202
150 (base 7) to base 12
70
9 (base 10) to base 11
9
37 (base 11) to base 7
55
What is c (base 15) in base 13?
c
Convert 3030 (base 4) to base 11.
176
Convert -2112 (base 3) to base 8.
-104
Convert 53 (base 6) to base 16.
21
Convert 14 (base 8) to base 4.
30
Convert -1 (base 9) to base 4.
-1
180 (base 9) to base 11
12a
What is -121 (base 4) in base 2?
-11001
143 (base 8) to base 12
83
What is 2 (base 14) in base 10?
2
-1323 (base 5) to base 16
-d5
Convert -1 (base 15) to base 4.
-1
Convert 4 (base 15) to base 3.
11
What is -134 (base 12) in base 6?
-504
Convert -81 (base 15) to base 5.
-441
Convert 1 (base 4) to base 12.
1
Convert 45 (base 7) to base 4.
201
Convert -27 (base 15) to base 7.
-52
What is 0 (base 15) in base 4?
0
Convert 49 (base 12) to base 3.
2010
What is -2 (base 13) in base 16?
-2
Convert 110 (base 2) to base 14.
6
What is -27 (base 11) in base 12?
-25
-12 (base 3) to base 6
-5
-5b (base 13) to base 10
-76
What is 3 (base 15) in base 11?
3
123 (base 12) to base 8
253
What is -1302 (base 5) in base 13?
-127
What is -3 (base 16) in base 7?
-3
Convert 5 (base 16) to base 8.
5
4 (base 9) to base 11
4
What is -113 (base 6) in base 2?
-101101
-7 (base 10) to base 6
-11
What is 120 (base 12) in base 16?
a8
What is -14 (base 8) in base 6?
-20
What is -3 (base 12) in base 14?
-3
Convert -43 (base 7) to base 11.
-29
4 (base 12) to base 11
4
Convert 3 (base 12) to base 7.
3
What is 0 (base 15) in base 4?
0
5 (base 10) to base 3
12
Convert -12 (base 11) to base 7.
-16
What is bd (base 14) in base 11?
142
What is 1 (base 5) in base 3?
1
Convert 0 (base 16) to base 5.
0
-29 (base 13) to base 14
-27
What is -3 (base 7) in base 8?
-3
What is 0 (base 5) in base 9?
0
What is 32 (base 4) in base 3?
112
Convert 0 (base 7) to base 14.
0
-176 (base 9) to base 14
-aa
What is 97 (base 10) in base 6?
241
34 (base 7) to base 11
23
0 (base 9) to base 13
0
Convert -2 (base 13) to base 6.
-2
Convert 21 (base 12) to base 16.
19
What is -2 (base 5) in base 14?
-2
1010 (base 2) to base 8
12
What is 96 (base 10) in base 7?
165
What is -19 (base 10) in base 5?
-34
Convert -6 (base 8) to base 14.
-6
What is -e (base 16) in base 2?
-1110
2e (base 15) to base 10
44
What is -a (base 14) in base 16?
-a
Convert -9 (base 16) to base 11.
-9
Convert 8 (base 13) to base 6.
12
What is 6 (base 11) in base 15?
6
-1a (base 13) to base 15
-18
Convert -12 (base 11) to base 16.
-d
Convert -11 (base 10) to base 11.
-10
Convert 11 (base 7) to base 2.
1000
11 (base 2) to base 3
10
-10 (base 7) to base 13
-7
Convert -122 (base 6) to base 7.
-101
What is -11 (base 3) in base 10?
-4
4 (base 5) to base 11
4
Convert 23 (base 9) to base 6.
33
1 (base 11) to base 13
1
What is -1013 (base 5) in base 4?
-2011
Convert 4 (base 8) to base 14.
4
What is 1 (base 9) in base 2?
1
What is 4 (base 11) in base 14?
4
Convert -1 (base 12) to base 11.
-1
12 (base 5) to base 4
13
-115 (base 6) to base 12
-3b
What is -10 (base 4) in base 8?
-4
What is -21 (base 6) in base 13?
-10
Convert 3 (base 10) to base 3.
10
Convert -10111 (base 2) to base 8.
-27
203 (base 5) to base 4
3